 - 50. Let f be g(-7). Let a(n) = -10*n - 40. What is the tens digit of a(f)?
4
Let v(r) = 3*r**2 - 271*r - 198. What is the ten thousands digit of v(-48)?
1
Suppose 0 = -4*o + 173 - 165. What is the hundreds digit of (o/(-8))/(-2 + (-8668)/(-4336))?
2
Let u = -17 + 21. Suppose 3*w - 10 = -s - w, 5*s - u = 3*w. What is the units digit of (14/21)/(s/(-3))*-3?
3
Let y(o) = 177*o + 1528. What is the units digit of y(55)?
3
Suppose 0 = 2*r - 3 + 43. Let h = 140 + r. What is the units digit of h?
0
Let u be (-16)/120 + 2/15. Suppose 5*w + 65 - 23 = 2*j, u = -5*w. What is the units digit of j?
1
Let g(u) = 5*u**2 - 59*u + 278. What is the hundreds digit of g(47)?
5
Let n be 2*1/5 + 36/10. Suppose -5*r = -3*c - 0*c - 5, n*c - 4*r + 4 = 0. Suppose 8*p - 156 - 340 = c. What is the units digit of p?
2
Let m be 4 + 119*(-4 + (-4 - -15)). Suppose -304 = -p - 3*c + m, 2*p + 5*c - 2283 = 0. What is the units digit of p?
4
Suppose 7*l + 5679 = -1972. Let r = 1606 + l. What is the hundreds digit of r?
5
Suppose 1065197 = 199*o - 634860. What is the thousands digit of o?
8
Suppose -2*i = -14 + 6. Let r(b) = -b**3 + 10*b**2 - 10*b + 9. Let w be r(9). Suppose i*y - 6*p = -p + 227, -3*p + 15 = w. What is the tens digit of y?
6
Let r(a) = -15*a**3 + 9*a**2 + 23*a + 46. What is the tens digit of r(-8)?
1
Suppose -b + r + 25604 = -11693, 2*r - 37306 = -b. Suppose 37*m = -13879 + b. What is the units digit of m?
3
Let l(y) = y**2 - 14*y - 9. Suppose 3*g + 0*g + 15 = 0. Let u be (-6)/(g/70*4). What is the tens digit of l(u)?
3
Let k(c) = -3*c**3 + 16*c**2 - 31*c - 140. What is the tens digit of k(-15)?
5
Let d = -73 - -46. Let v be (-9)/d - (13/3 + -1). What is the units digit of (357/63)/((-1)/v)?
7
Let y = -9070 + 17021. What is the hundreds digit of y?
9
Suppose -23*j - 16 = -16. Suppose j = -4*o + 2*v + 5348, -3*o + 2*o + 1331 = v. What is the hundreds digit of o?
3
Let k = -11 - -13. Let m be 7/2 + k/4. Suppose m*x - 102 = 118. What is the tens digit of x?
5
Let r(s) = -s**3 + 9*s**2 + 10*s + 4. Let i be r(10). What is the units digit of (-8 + i)/(-4)*367?
7
Let j(g) = 25*g**2 + 58*g - 102. Let f be j(25). Suppose -14*v = -25*v + f. What is the tens digit of v?
4
Let w(o) be the first derivative of -3/2*o**2 + 15*o - 7. What is the tens digit of w(-9)?
4
What is the units digit of 1/(-2)*12*(4 - 1884/4)?
2
Let y = -22718 - -68584. What is the ten thousands digit of y?
4
Suppose -11*x - 17003 = 1631. Let r = 2561 + x. What is the hundreds digit of r?
8
Let g(d) = 30*d - 58. Let k be g(2). Suppose 252 = l + l + 3*j, 5*l - 649 = k*j. What is the units digit of l?
9
Let c(x) = 4*x**2 - 3*x**3 - 11*x + x**2 + 7*x**2 - 11*x**2 + 4. What is the hundreds digit of c(-5)?
4
Let l be -179 - -6 - (2 + 1). Let k(q) = q**3 - 12*q**2 + 20*q + 8. Let c be k(7). Let b = c - l. What is the units digit of b?
9
Let w = -41 - -56. Suppose -2 = -w*d + 14*d. Suppose 3*l - 98 = 4*r, 65 - 159 = -3*l + d*r. What is the tens digit of l?
3
Let q = 2565 - 29274. What is the units digit of (-26)/117 + q/(-27)?
9
Let o = 488 + -402. Let f = o - -904. What is the tens digit of f?
9
Suppose -r = 2*l - 18214, 145*l - 146*l = -3*r - 9107. What is the tens digit of l?
0
Let j = -57 - -153. Let o = j - -242. What is the hundreds digit of o?
3
What is the units digit of (-2*(-10011)/18)/((-86)/(-258))?
7
What is the hundreds digit of ((-5)/(-5))/((-3)/6)*39135/(-30)?
6
Let j be 30888/(-1) - 2 - 39/39. What is the units digit of (-2)/(-3) - j/63?
1
Suppose -28*m + 156009 = -7*m. What is the units digit of m?
9
Let g = -963 + 966. Suppose 3*y - 4901 = -3*f + 1360, 0 = 4*f - g*y - 8355. What is the tens digit of f?
8
Let s(p) = p**3 + 43*p**2 + 113*p - 97. Let d be s(-40). Suppose -177*r + d*r - 4404 = 0. What is the hundreds digit of r?
7
Let j = -199 + 222. Let l = 130 - j. What is the tens digit of l?
0
Let g(k) = -9*k - 24. Let r(y) = y**2 + 9*y - 5. Let a be 5*3/15*-8. Let t be r(a). What is the units digit of g(t)?
3
Suppose -4*d - 2970 = -3*f, -d - 1380 + 6353 = 5*f. Let u = f - -544. What is the units digit of u?
8
Suppose j + 4 - 9 = -3*q, -q = -2*j + 3. Suppose 0 = -j*h - 0*h + 8022. Suppose h = 7*r + 14*r. What is the tens digit of r?
9
Let c(d) = -1346*d**3 + 10*d - 9. Let a(i) = -673*i**3 + 6*i - 5. Let v(x) = -7*a(x) + 4*c(x). What is the tens digit of v(-1)?
7
Let k = 390 + 98. What is the tens digit of k?
8
Let y(j) = 43*j**2 + 35*j + 480. What is the tens digit of y(-13)?
9
What is the units digit of -7691*((5 - -7 - 7) + -6)?
1
Let d be 927 + -5 + 6 + -12. Suppose 5*q - d = -h, -4*q + 425 = -h - 306. What is the units digit of q?
3
Let m(r) = r**3 + 6*r**2 + 9*r - 42. Let n be m(-7). Let q = n - -1070. What is the tens digit of q?
1
Let o be (-60)/45 + (32/6 - -1). Let g be (2 + -32)/((-12)/6). What is the tens digit of (o/g)/(1/75)?
2
Let y(q) = -2*q**3 - 18*q**2 + q + 1. Let p be y(-17). Suppose 0 = 15*o - 9*o - p. Suppose -2*b + d + o = b, b - 256 = -3*d. What is the units digit of b?
6
Let p = 432 + -425. What is the hundreds digit of -1641*((-860)/903 - (-2)/p)?
0
Let f be (0 - 0)/(42/14). Suppose -a - 2 + 7 = f. Suppose -63 + 183 = a*l - 4*y, -5*l - 2*y + 90 = 0. What is the tens digit of l?
2
Let t(d) = 159*d**2 + d. Let j(b) = -160*b**2. Let q(g) = -4*j(g) - 3*t(g). What is the units digit of q(-1)?
6
Suppose -2*l + 6*d - 371 = 3*d, 2*l - 4*d = -370. Suppose -k = 3*t + 127 + 153, 2*t = -4*k - 200. Let w = t - l. What is the units digit of w?
5
Let f(h) = -1. Let u(l) = l + 15. Let q(g) = -4*f(g) - u(g). Let y be q(-16). Suppose y*i - 10*i = -105. What is the units digit of i?
1
Let r = 37 + -32. Suppose 0 = -d + r*d - 72. Let t = 19 + d. What is the units digit of t?
7
Let p(k) = -k**3 - 18*k**2 + 13*k - 107. Let z be p(-19). Let s(i) = 5*i - 27. What is the units digit of s(z)?
8
Suppose -8*r = -2*r - 3552. Suppose -x = 2*c - 153, -4*c + r = 6*x - 2*x. What is the hundreds digit of x?
1
Suppose 3*i + 2 = -3*v - 1, -19 = -5*i + v. Let h(l) = 0*l**3 - 5*l**2 + i*l + 12 - 3*l - l**3. What is the units digit of h(-6)?
8
Let h be 1*(0 - 2 - -7). Suppose 2*f - 848 = 3*m, -848 = -2*f - 7*m + h*m. What is the tens digit of f?
2
Suppose 3*c - 1280 = 2*l, 0 = -2*c - 10*l + 7*l + 836. What is the hundreds digit of c?
4
Suppose a + 3*u = -2*u + 23, 0 = -3*a + 3*u + 159. Suppose -a*l = -49*l + 204. Let h = l - 142. What is the units digit of h?
2
What is the units digit of (312264/30)/((-84)/(-10) - 8)?
2
Let r(z) = z**2 + 24*z - 137. Let g be r(8). Let w = g + 637. What is the tens digit of w?
5
Let l = 217 + 73. Suppose -805 = -3*n + l. What is the hundreds digit of n?
3
Let d = -2388 + 5424. What is the units digit of d?
6
Suppose 7*k - 3*k = 5*z + 10, 2*k = 3*z + 4. Suppose 2 = x - 4*x + z*h, -5*x = -h + 8. What is the tens digit of (-8)/(-16) - 61/x?
3
Suppose 2*q = 3*f - 12181, 2*f = -3*q + 6*q + 8119. Let d = -2273 + f. What is the tens digit of d?
8
Suppose -2 = -n - 0*n. Suppose -8784 = -63*a + 39*a. Suppose n*k - a = -4*z, 5*k - 4*k + 375 = 4*z. What is the tens digit of z?
9
Suppose 4*h - 21 - 79 = -2*i, -25 = -h + 4*i. Suppose -47*r + 42*r = h, -t - 3*r = -1614. What is the hundreds digit of t?
6
What is the ten thousands digit of ((-1558 + 2)/4)/((-8)/5056*8)?
3
Let z(c) = -518*c**3 + 18*c**2 + 35*c - 10. What is the ten thousands digit of z(-4)?
3
Suppose c - 3 - 2 = 0. Suppose y + 64 = -c*o + 4*y, 4*y = -4*o - 32. Let a = 94 + o. What is the units digit of a?
3
Let y = -17 - -53. Let j = y - 19. Let z = 92 - j. What is the tens digit of z?
7
Suppose 0 = 2*x - 3*g + 5, 4*g - 5 = 4*x - g. Suppose -x*v + 113 = -3*d, -d + 111 = 5*v - 2*d. Let o = 68 - v. What is the tens digit of o?
4
Let h = -3707 + 19263. What is the hundreds digit of h?
5
Let f(z) = 439*z**2 - 5635*z + 8. What is the units digit of f(15)?
8
Suppose 5*s = -2*u + 21, -2*u - 4 = 2*s - 10. Suppose s*h - g - 70 = 4*g, -2*g = -h + 13. Let r = 23 - h. What is the units digit of r?
8
Let f = -46452 + 80241. What is the hundreds digit of f?
7
Let p = 3197 + -1124. Let y = p + -1411. What is the units digit of y?
2
Suppose 8*q + q + 29601 = 0. Let h = -2223 - q. What is the hundreds digit of h?
0
Let s be 14/(((-1)/3)/(8/(-3))). Let y = 29 + -47. Let n = s + y. What is the units digit of n?
4
Let g = -526 - -490. 